 t(m) = -m**2 - 4*m + 8. What is t(p)?
-4
Suppose -4*j = -2*g, -4*j - 16 = 6*g - 4*g. Let f(o) be the second derivative of 2*o**2 + 27*o + 0 - 1/20*o**5 - 1/3*o**3 - 5/12*o**4. Calculate f(g).
-4
Let q(j) = j**3 + j**2 + 1. Let l be (5/(-2))/(5/10). Let f(g) = -10*g**3 - 5*g**2 - 4. Let n(w) = l*q(w) - f(w). Suppose -15*z - 1 = -14*z. What is n(z)?
-6
Let v be (9/(-2) + 4)*-2. Let d(r) = -17*r + 3. Let u(c) be the second derivative of c**3/6 - c**2/2 + 2*c. Let i(n) = d(n) + 4*u(n). What is i(v)?
-14
Let z(k) = -k. Let b = -27 - -28. Let q be b - 5 - (8 - 6). What is z(q)?
6
Let z(i) be the second derivative of i**5/20 + i**4/2 + i**3/3 - 3*i**2 + 15*i. Suppose 0*s - 2*s = 10. Calculate z(s).
9
Let o(z) = 2 + 4 - 397*z + 403*z. Calculate o(-4).
-18
Let r be (1 - 0) + (-8)/(-2). Let i(f) = -f - 48 - f + 20 + 27 + r*f**3. Give i(-1).
-4
Let p(z) = -z**3 + 4*z**2 - 2*z. Let a be p(3). Let h(x) = -2*x - 5. Let w(i) = -i - 3. Let f(q) = -10*h(q) + 18*w(q). What is f(a)?
2
Let t(a) = -a - 1. Suppose 0 = 2*y + 6, -5*c + 15 = -2*c + y. Let i be t(c). Let g(q) = q + 7. Give g(i).
0
Let b(d) = -30 + 23*d - 22*d + 54. Determine b(0).
24
Let w(q) be the first derivative of -1 - 3*q - 3/2*q**2. Let p be -9 - -3 - 12/(-4 + 1). Give w(p).
3
Let b(o) be the third derivative of -o**6/120 + o**5/20 + o**4/12 - o**3/3 - o**2 - 69*o. What is b(4)?
-10
Let p be (-20)/1 + 22/11. Let r(v) = v + 22. Let k be r(p). Let z(j) = 2*j - 3. Determine z(k).
5
Let v(l) = -2*l + 27. Suppose -6*q + 5*q + 12 = 0. Let x be v(q). Let n(t) = 2*t - 1. What is n(x)?
5
Let o(b) = 5*b**2 + 11*b - 1. Let f(t) = t**2 + t + 1. Let u(q) = 4*f(q) - o(q). Suppose 2*g = -2*p - 20, 2*g - 3*g - 14 = 2*p. Determine u(g).
11
Let g(b) = -b + 3. Let u(n) = 3*n**3 + 2*n - 2. Let w be u(1). Calculate g(w).
0
Let z(s) = -27*s + 3. Let p(v) = -19*v + 2. Let m(j) = 7*p(j) - 5*z(j). Calculate m(4).
7
Let i(j) = -j**2 - 2*j - 1. Let m be i(2). Let x = m + 11. Let z(g) = 0*g**x - 4 + 4*g**2 + 3*g - g**3 - g**2 - 2*g. Determine z(4).
-16
Let l(f) = 2*f + 1. Let w(m) = 8*m - 23. Let n(a) = -2*l(a) + w(a). What is n(8)?
7
Suppose 0 = 5*d - 5*j - 140 + 120, -2*d - j + 11 = 0. Let i(h) = -h**3 + 6*h**2 - 6*h - 5. Calculate i(d).
-10
Let m(j) = -j**2 - 2*j. Let l(u) = u**3 - 3*u**2 + 3*u - 2. Let d be l(3). Let t = -10 + d. Let h be (12/(-4) - t) + 2. Determine m(h).
-8
Let d(q) = -10*q. Suppose 202*y - 204*y + 2 = 0. Calculate d(y).
-10
Let j = 1164 - 1166. Let s(h) be the third derivative of -h**5/60 + h**4/24 - 2*h**2. Give s(j).
-6
Let d = -35 + 33. Let w = 5 + -7. Let i = w + d. Let z(l) = l**3 + 6*l**2 + 6*l + 3. What is z(i)?
11
Let r = 64 + -47. Let g(t) = t**2 - 16*t - 15. Calculate g(r).
2
Let y(i) = -4*i + 4. Suppose 5*m + 35 = 3*z + m, -5*m - 35 = -2*z. Suppose -z*d = 2*d - 21. Give y(d).
-8
Let q = -13 - -14. Let h = -18 - -22. Suppose -h*o = -m - q, -5*m + 3 = -12. Let b(a) = -4*a + 1. Give b(o).
-3
Let a(h) be the second derivative of h**5/20 + 5*h**4/12 - 2*h**3/3 - h**2/2 - 16*h. Calculate a(-6).
-13
Let a(w) = w**2 + 5*w + 3. Suppose 0 = 4*x - 8*x + 3*l - 39, -2*l = x + 7. Give a(x).
39
Suppose 5*w + 5*g - 60 = 0, 4*w = -3*g + g + 38. Suppose -w*r = -5*r + 14. Let i(f) = f**3 + 6*f**2 - 8*f - 8. Determine i(r).
-1
Suppose 4*s = -20, k + s + 1 = 3*k. Let i(v) = -4*v + 7 - 4*v**2 - 12 + 3 - 2*v**3. Determine i(k).
6
Suppose 0 = 3*j - 2*j + 3. Let r(z) = 2 + 2*z**3 + 1 + 4*z**2 + 6 + 3*z - 6. Calculate r(j).
-24
Let h(z) = 6*z + 9*z + 10*z + 1 - 34*z + 12*z. Let v be 66/9 - 1/3. Suppose 3*w + 2*j - v = 0, 3*j - 9 - 5 = -w. What is h(w)?
-2
Let v be ((-9)/6)/(9/42). Let u(b) = b + 5. Calculate u(v).
-2
Let t(a) = -2*a**3 + a**3 + 4*a**2 + 8*a + 0*a**3 - 9 + 0*a**2. Let h(m) = m**3 - 4*m**2 - 7*m + 8. Let p(z) = 3*h(z) + 2*t(z). What is p(5)?
6
Let m(l) = 3*l**2 - 21*l**2 - l**3 + 12*l**2 + 9*l**2. Give m(3).
0
Let f(p) be the third derivative of p**5/120 + 2*p**3 + 11*p**2. Let l(k) be the first derivative of f(k). Calculate l(-2).
-2
Let q(p) = -p**3 - p**2 - p - 5. Let r be -6 - ((-4)/10 - (-12)/(-20)). Let y = r + 5. Give q(y).
-5
Let o(u) = 5*u - 11*u - 5 - 2*u**2 + u**2 - u. Let z be -4*(6/8 + 1). What is o(z)?
-5
Let n(m) = 3*m - 15. Let g = 991 - 988. What is n(g)?
-6
Let k be 0 + (17 - 3) + 4. Suppose t - 6*t + 60 = 0. Let l = t - k. Let g(z) = z**3 + 5*z**2 - 6*z - 1. What is g(l)?
-1
Suppose 7*d + 8 = 5*d. Let b(o) = 7*o + 4. What is b(d)?
-24
Let a(n) = -9*n**3 + 2*n**2 - 14*n - 5. Let d(i) = -9*i**3 + 2*i**2 - 16*i - 6. Let v(k) = -7*a(k) + 6*d(k). Give v(1).
8
Let k(b) be the first derivative of -b**4/4 - 2*b**3 + 5*b**2/2 - 6*b + 354. Calculate k(-7).
8
Let h(b) = b**3 + b**2 + 2*b - 1. Suppose -5*c = -2*x - 41, -5*c = -2*x - 2*x - 37. Suppose -y = -j + y, y = -4*j - c. Calculate h(j).
-9
Let i(a) = 31*a + 18 - 58 + 18 + 21. Calculate i(1).
30
Let n(d) = d**2 - 5*d - 3. Let f(g) = g**2 + 4*g + 3. Let p be f(-2). Let j be -6 - -4 - (2 - 1). Let z be -4*(j - (-3 - p)). Give n(z).
-7
Let a(m) = -4*m - 2. Let l(d) = -3*d - 3. Let s = 41 + -44. Let w(r) = s*l(r) + 4*a(r). Determine w(1).
-6
Let n = 159 + -161. Let w(b) = -4*b - 4. Let a(q) = -1. Let z(m) = -a(m) + w(m). Calculate z(n).
5
Let k = 375 + -371. Let l(q) be the second derivative of 0 + 1/6*q**k + 0*q**2 - 3/20*q**5 + 1/6*q**3 + 4*q. Give l(-1).
4
Let z(s) = 5*s**2 - 4*s. Let p(k) = 4*k**2 - 5*k - 1. Let b(l) = -4*p(l) + 3*z(l). Give b(9).
-5
Let n = 660 + -656. Let j(z) = z**2 - 5*z + 9. What is j(n)?
5
Let q = 51 + -52. Let r(d) = 4*d**3 + 4*d**2 + 5*d + 1. Let x be r(q). Let b(s) = -2*s - 3. Determine b(x).
5
Let i(b) = b**3 + 4*b**2 - b + 1. Suppose 0*m = u + 5*m - 15, -u - 6 = -2*m. Suppose 3*j + 3 + 6 = u. Calculate i(j).
13
Let s(h) = -h + 18. Let b(n) = -n + 17. Let z(q) = -5*b(q) + 4*s(q). Calculate z(14).
1
Let d = 8 + -4. Let s(r) = r + 6. Let n(t) = -1 - 1 + 4 - 1. Let p(v) = -6*n(v) + s(v). Calculate p(d).
4
Let q be (-4)/18 + (-92)/(-9). Let a be 18/5*q/6. Let y(u) = -u**2 + 3*u + 6. Give y(a).
-12
Let d = 654 + -660. Let n(p) = -5*p - 26. What is n(d)?
4
Let m(k) be the third derivative of k**6/120 - k**5/12 + 5*k**4/24 - k**3/3 + k**2. Let n(c) = 2*c**2 + 73*c - 192. Let y be n(-39). Calculate m(y).
-5
Let y(j) be the second derivative of 2*j**3/3 + j. Let u(d) = 6*d - 4. Let f(o) = 5*o - 3. Let a(p) = 3*f(p) - 2*u(p). Let t(g) = -6*a(g) + 5*y(g). Give t(-4).
-2
Let j(n) = n**3 - 6*n**2 - 9*n + 7. Suppose -4*i + 2*p = -2*p - 12, 39 = 5*i + p. Determine j(i).
-7
Let v be -2*1*(1 - 0). Suppose -47236 = -12*u + 10340. Let c(i) = 4798 - u + i**2 + i. Give c(v).
2
Let x(d) = d - 9. Let y be x(6). Suppose 0 = 3*r + 7 - 22. Let v(k) = r*k + 0*k + 23*k**2 - 21*k**2 + 3. What is v(y)?
6
Let t(w) = w**2 - w. Suppose 11 = 5*r + 6. Let j(c) = 3*c**2 - 1. Let z(m) = r*j(m) - t(m). Let v(p) = -p - 4. Let y be v(-2). Calculate z(y).
5
Let w(x) = x**2 + 4*x - 3. Let k = -26 - -26. Suppose q - 6*q + 10 = k. Suppose -2*h - q = 3*m + 18, m + 4*h + 20 = 0. Calculate w(m).
-3
Let p(d) be the third derivative of 6*d**2 - 2/3*d**3 - 1/8*d**4 + 0 + 0*d. Give p(-4).
8
Let w(m) = 7*m + 1. Let j be 75/(-10) - 1/(-2). Let d(t) = t**3 + 8*t**2 + 8*t + 9. Let u be d(j). Suppose u + 1 = 3*b. Calculate w(b).
8
Suppose 0 = -2*z + 4, 4*g - 3*g + 5*z - 13 = 0. Let o(y) be the first derivative of -1/2*y**2 - g - 6*y. What is o(-6)?
0
Let j(q) = q**3 - 6*q**2 + 5*q - 6. Let i be j(5). Let h(g) be the third derivative of 1/24*g**4 + 0*g - 1/6*g**3 + 0 - 6*g**2. What is h(i)?
-7
Let r(o) be the first derivative of -o**2/2 - 9*o + 21. What is r(-10)?
1
Suppose 7*j + 4*t = 3*j - 8, 2*t + 4 = 4*j. Let n(x) = x**2 - 2*x - 41. What is n(j)?
-41
Let d be (-2 - -1)/(2/10). Let f = 20 - 17. Let m(q) = 0*q**2 - 4*q**2 + 2*q**2 + 7*q + f*q**2 + 4. Give m(d).
-6
Let m(c) = -10*c. Suppose -375 = 5*p + 5*l, -5*p - 441 = 3*l - 62. Let o = 78 + p. What is m(o)?
-10
Suppose 21 = -4*i - 11. Let h(v) be the first derivative of -v**3/3 - 4*v**2 - 8*v - 58. What is h(i)?
-8
Let b(o) = 3*o**3 - 4 + 6*o**3 + 4*o**2 + 3*o**3 - 11*o**3 - 4*o. Give b(-5).
-9
Suppose -28 = -15*r + 11*r. Let o(g) = g - 7*g**2 + 4 + g**3 - 11 - 2. Let i be o(r). Let c(d) = -4*d - 2. Give c(i).
6
Let m(w) = -13*w**2 + 4*w**2 - 6 + 13*w**2 + 4*w**3 - 8*w - 3*w**3. Let b(o) = -o**2 - 4*o - 5. 